{"id":6662,"date":"2021-06-18T15:18:33","date_gmt":"2021-06-18T13:18:33","guid":{"rendered":"https:\/\/www.osatzen.com\/blogs\/documentos-enlaces\/comunidades-compasivas-jornadas-osatzen-jardunaldiak-2021\/"},"modified":"2021-06-18T15:18:33","modified_gmt":"2021-06-18T13:18:33","slug":"comunidades-compasivas-jornadas-osatzen-jardunaldiak-2021","status":"publish","type":"avada_portfolio","link":"https:\/\/www.osatzen.com\/eu\/blogs\/documentos-enlaces\/comunidades-compasivas-jornadas-osatzen-jardunaldiak-2021\/","title":{"rendered":"Comunidades Compasivas (Jornadas Osatzen Jardunaldiak 2021)"},"content":{"rendered":"<p><strong>Ponentes:<\/strong> Naomi Hasson, enfermera, promotora del proyecto Getxo Zurekin y miembro de las comunidades compasivas de Euskadi. Gizane Martinez Rodriguez, M\u00e9dica de familia y comunitaria en el centro de salud de Bidezabal (Algorta). Miembro del Comit\u00e9 de \u00e9tica asistencial de atenci\u00f3n primaria de Bizkaia (CEAAPB). Miembro del grupo de trabajo de dolor de fibromialgia, migra\u00f1a y dolor cr\u00f3nico y del grupo de trabajo de inequidades de Osatzen. Participa en el proyecto Getxo Zurekin. Montse Perez Garcia, m\u00e9dica actualmente realiza su labor cl\u00ednico-asistencial en la OSI Bidasoa, en el servicio de Hospitalizaci\u00f3n a domicilio. Es miembro de la Junta Directiva de Paliativos Sin Fronteras, promotora de Bidasoa Zurekin, Comarca Compasiva y facilitadora del Death Caf\u00e9 de Ir\u00fan.<\/p>\n<p><strong>Objetivo:<\/strong>Dar a conocer y sensibilizar sobre las comunidades compasivas desde las diferentes experiencias y perspectivas de colaboradoras. El impacto positivo del proyecto desde y para la comunidad.<\/p>\n<p><strong>Resumen:<\/strong> Contextualizaremos las comunidades compasivas detallando de donde nace el proyecto, desde qu\u00e9 necesidades surgen y c\u00f3mo ha sido el proceso en Euskadi. Continuaremos con la experiencia desde dentro del proyecto con una perspectiva de atenci\u00f3n primaria y nuestras consultas: como y en qu\u00e9 casos se puede prescribir, qu\u00e9 resultados y experiencias tienen los pacientes. Por \u00faltimo acabaremos con la experiencia desde Bidasoa.<\/p>\n<p><strong>Idioma:<\/strong> Castellano<\/p>\n<p><div class=\"video-shortcode\"><iframe title=\"Comunidades Compasivas\" width=\"1170\" height=\"658\" src=\"https:\/\/www.youtube.com\/embed\/w3lzg7sc6zU?feature=oembed\" frameborder=\"0\" allow=\"accelerometer; autoplay; clipboard-write; encrypted-media; gyroscope; picture-in-picture\" allowfullscreen><\/iframe><\/div><\/p>\n","protected":false},"excerpt":{"rendered":"<p>Ponentes: Naomi Hasson, enfermera, promotora del proyecto Getxo Zurekin y miembro de las comunidades compasivas de Euskadi. Gizane Martinez Rodriguez, M\u00e9dica de familia y comunitaria en el centro de salud de Bidezabal (Algorta). Miembro del  [&#8230;]<\/p>\n","protected":false},"author":3,"featured_media":0,"menu_order":0,"comment_status":"open","ping_status":"closed","template":"","format":"standard","meta":{"_eb_attr":"","footnotes":""},"portfolio_category":[574],"portfolio_skills":[],"portfolio_tags":[],"class_list":["post-6662","avada_portfolio","type-avada_portfolio","status-publish","format-standard","hentry","portfolio_category-hitzaldiak"],"yoast_head":"<!-- This site is optimized with the Yoast SEO Premium plugin v25.3 (Yoast SEO v25.3) - https:\/\/yoast.com\/wordpress\/plugins\/seo\/ -->\n<title>Comunidades Compasivas (Jornadas Osatzen Jardunaldiak 2021) - Osatzen<\/title>\n<meta name=\"robots\" content=\"index, follow, max-snippet:-1, max-image-preview:large, max-video-preview:-1\" \/>\n<link rel=\"canonical\" href=\"https:\/\/www.osatzen.com\/eu\/blogs\/documentos-enlaces\/comunidades-compasivas-jornadas-osatzen-jardunaldiak-2021\/\" \/>\n<meta property=\"og:locale\" content=\"eu_ES\" \/>\n<meta property=\"og:type\" content=\"article\" \/>\n<meta property=\"og:title\" content=\"Comunidades Compasivas (Jornadas Osatzen Jardunaldiak 2021)\" \/>\n<meta property=\"og:description\" content=\"Ponentes: Naomi Hasson, enfermera, promotora del proyecto Getxo Zurekin y miembro de las comunidades compasivas de Euskadi. Gizane Martinez Rodriguez, M\u00e9dica de familia y comunitaria en el centro de salud de Bidezabal (Algorta). Miembro del [...]\" \/>\n<meta property=\"og:url\" content=\"https:\/\/www.osatzen.com\/eu\/blogs\/documentos-enlaces\/comunidades-compasivas-jornadas-osatzen-jardunaldiak-2021\/\" \/>\n<meta property=\"og:site_name\" content=\"Osatzen\" \/>\n<meta property=\"article:publisher\" content=\"https:\/\/www.facebook.com\/Osatzen\" \/>\n<meta name=\"twitter:card\" content=\"summary_large_image\" \/>\n<meta name=\"twitter:site\" content=\"@osatzen\" \/>\n<meta name=\"twitter:label1\" content=\"Est. reading time\" \/>\n\t<meta name=\"twitter:data1\" content=\"1 minute\" \/>\n<script type=\"application\/ld+json\" class=\"yoast-schema-graph\">{\"@context\":\"https:\/\/schema.org\",\"@graph\":[{\"@type\":\"WebPage\",\"@id\":\"https:\/\/www.osatzen.com\/eu\/blogs\/documentos-enlaces\/comunidades-compasivas-jornadas-osatzen-jardunaldiak-2021\/\",\"url\":\"https:\/\/www.osatzen.com\/eu\/blogs\/documentos-enlaces\/comunidades-compasivas-jornadas-osatzen-jardunaldiak-2021\/\",\"name\":\"Comunidades Compasivas (Jornadas Osatzen Jardunaldiak 2021) - Osatzen\",\"isPartOf\":{\"@id\":\"https:\/\/www.osatzen.com\/eu\/#website\"},\"datePublished\":\"2021-06-18T13:18:33+00:00\",\"breadcrumb\":{\"@id\":\"https:\/\/www.osatzen.com\/eu\/blogs\/documentos-enlaces\/comunidades-compasivas-jornadas-osatzen-jardunaldiak-2021\/#breadcrumb\"},\"inLanguage\":\"eu-ES\",\"potentialAction\":[{\"@type\":\"ReadAction\",\"target\":[\"https:\/\/www.osatzen.com\/eu\/blogs\/documentos-enlaces\/comunidades-compasivas-jornadas-osatzen-jardunaldiak-2021\/\"]}]},{\"@type\":\"BreadcrumbList\",\"@id\":\"https:\/\/www.osatzen.com\/eu\/blogs\/documentos-enlaces\/comunidades-compasivas-jornadas-osatzen-jardunaldiak-2021\/#breadcrumb\",\"itemListElement\":[{\"@type\":\"ListItem\",\"position\":1,\"name\":\"Home\",\"item\":\"https:\/\/www.osatzen.com\/eu\/\"},{\"@type\":\"ListItem\",\"position\":2,\"name\":\"Portfolio\",\"item\":\"https:\/\/www.osatzen.com\/eu\/blogs\/documentos-enlaces\/\"},{\"@type\":\"ListItem\",\"position\":3,\"name\":\"Comunidades Compasivas (Jornadas Osatzen Jardunaldiak 2021)\"}]},{\"@type\":\"WebSite\",\"@id\":\"https:\/\/www.osatzen.com\/eu\/#website\",\"url\":\"https:\/\/www.osatzen.com\/eu\/\",\"name\":\"Osatzen\",\"description\":\"Sociedad Vasca de Medicina de Familia y Comunitaria\",\"publisher\":{\"@id\":\"https:\/\/www.osatzen.com\/eu\/#organization\"},\"potentialAction\":[{\"@type\":\"SearchAction\",\"target\":{\"@type\":\"EntryPoint\",\"urlTemplate\":\"https:\/\/www.osatzen.com\/eu\/?s={search_term_string}\"},\"query-input\":{\"@type\":\"PropertyValueSpecification\",\"valueRequired\":true,\"valueName\":\"search_term_string\"}}],\"inLanguage\":\"eu-ES\"},{\"@type\":\"Organization\",\"@id\":\"https:\/\/www.osatzen.com\/eu\/#organization\",\"name\":\"Osatzen\",\"url\":\"https:\/\/www.osatzen.com\/eu\/\",\"logo\":{\"@type\":\"ImageObject\",\"inLanguage\":\"eu-ES\",\"@id\":\"https:\/\/www.osatzen.com\/eu\/#\/schema\/logo\/image\/\",\"url\":\"https:\/\/www.osatzen.com\/wp-content\/uploads\/2021\/02\/signo-distintivo-osatzen-2020-web-retina-396x120-1.png\",\"contentUrl\":\"https:\/\/www.osatzen.com\/wp-content\/uploads\/2021\/02\/signo-distintivo-osatzen-2020-web-retina-396x120-1.png\",\"width\":396,\"height\":120,\"caption\":\"Osatzen\"},\"image\":{\"@id\":\"https:\/\/www.osatzen.com\/eu\/#\/schema\/logo\/image\/\"},\"sameAs\":[\"https:\/\/www.facebook.com\/Osatzen\",\"https:\/\/x.com\/osatzen\"]}]}<\/script>\n<!-- \/ Yoast SEO Premium plugin. -->","yoast_head_json":{"title":"Comunidades Compasivas (Jornadas Osatzen Jardunaldiak 2021) - Osatzen","robots":{"index":"index","follow":"follow","max-snippet":"max-snippet:-1","max-image-preview":"max-image-preview:large","max-video-preview":"max-video-preview:-1"},"canonical":"https:\/\/www.osatzen.com\/eu\/blogs\/documentos-enlaces\/comunidades-compasivas-jornadas-osatzen-jardunaldiak-2021\/","og_locale":"eu_ES","og_type":"article","og_title":"Comunidades Compasivas (Jornadas Osatzen Jardunaldiak 2021)","og_description":"Ponentes: Naomi Hasson, enfermera, promotora del proyecto Getxo Zurekin y miembro de las comunidades compasivas de Euskadi. Gizane Martinez Rodriguez, M\u00e9dica de familia y comunitaria en el centro de salud de Bidezabal (Algorta). Miembro del [...]","og_url":"https:\/\/www.osatzen.com\/eu\/blogs\/documentos-enlaces\/comunidades-compasivas-jornadas-osatzen-jardunaldiak-2021\/","og_site_name":"Osatzen","article_publisher":"https:\/\/www.facebook.com\/Osatzen","twitter_card":"summary_large_image","twitter_site":"@osatzen","twitter_misc":{"Est. reading time":"1 minute"},"schema":{"@context":"https:\/\/schema.org","@graph":[{"@type":"WebPage","@id":"https:\/\/www.osatzen.com\/eu\/blogs\/documentos-enlaces\/comunidades-compasivas-jornadas-osatzen-jardunaldiak-2021\/","url":"https:\/\/www.osatzen.com\/eu\/blogs\/documentos-enlaces\/comunidades-compasivas-jornadas-osatzen-jardunaldiak-2021\/","name":"Comunidades Compasivas (Jornadas Osatzen Jardunaldiak 2021) - Osatzen","isPartOf":{"@id":"https:\/\/www.osatzen.com\/eu\/#website"},"datePublished":"2021-06-18T13:18:33+00:00","breadcrumb":{"@id":"https:\/\/www.osatzen.com\/eu\/blogs\/documentos-enlaces\/comunidades-compasivas-jornadas-osatzen-jardunaldiak-2021\/#breadcrumb"},"inLanguage":"eu-ES","potentialAction":[{"@type":"ReadAction","target":["https:\/\/www.osatzen.com\/eu\/blogs\/documentos-enlaces\/comunidades-compasivas-jornadas-osatzen-jardunaldiak-2021\/"]}]},{"@type":"BreadcrumbList","@id":"https:\/\/www.osatzen.com\/eu\/blogs\/documentos-enlaces\/comunidades-compasivas-jornadas-osatzen-jardunaldiak-2021\/#breadcrumb","itemListElement":[{"@type":"ListItem","position":1,"name":"Home","item":"https:\/\/www.osatzen.com\/eu\/"},{"@type":"ListItem","position":2,"name":"Portfolio","item":"https:\/\/www.osatzen.com\/eu\/blogs\/documentos-enlaces\/"},{"@type":"ListItem","position":3,"name":"Comunidades Compasivas (Jornadas Osatzen Jardunaldiak 2021)"}]},{"@type":"WebSite","@id":"https:\/\/www.osatzen.com\/eu\/#website","url":"https:\/\/www.osatzen.com\/eu\/","name":"Osatzen","description":"Sociedad Vasca de Medicina de Familia y Comunitaria","publisher":{"@id":"https:\/\/www.osatzen.com\/eu\/#organization"},"potentialAction":[{"@type":"SearchAction","target":{"@type":"EntryPoint","urlTemplate":"https:\/\/www.osatzen.com\/eu\/?s={search_term_string}"},"query-input":{"@type":"PropertyValueSpecification","valueRequired":true,"valueName":"search_term_string"}}],"inLanguage":"eu-ES"},{"@type":"Organization","@id":"https:\/\/www.osatzen.com\/eu\/#organization","name":"Osatzen","url":"https:\/\/www.osatzen.com\/eu\/","logo":{"@type":"ImageObject","inLanguage":"eu-ES","@id":"https:\/\/www.osatzen.com\/eu\/#\/schema\/logo\/image\/","url":"https:\/\/www.osatzen.com\/wp-content\/uploads\/2021\/02\/signo-distintivo-osatzen-2020-web-retina-396x120-1.png","contentUrl":"https:\/\/www.osatzen.com\/wp-content\/uploads\/2021\/02\/signo-distintivo-osatzen-2020-web-retina-396x120-1.png","width":396,"height":120,"caption":"Osatzen"},"image":{"@id":"https:\/\/www.osatzen.com\/eu\/#\/schema\/logo\/image\/"},"sameAs":["https:\/\/www.facebook.com\/Osatzen","https:\/\/x.com\/osatzen"]}]}},"_links":{"self":[{"href":"https:\/\/www.osatzen.com\/eu\/wp-json\/wp\/v2\/avada_portfolio\/6662","targetHints":{"allow":["GET"]}}],"collection":[{"href":"https:\/\/www.osatzen.com\/eu\/wp-json\/wp\/v2\/avada_portfolio"}],"about":[{"href":"https:\/\/www.osatzen.com\/eu\/wp-json\/wp\/v2\/types\/avada_portfolio"}],"author":[{"embeddable":true,"href":"https:\/\/www.osatzen.com\/eu\/wp-json\/wp\/v2\/users\/3"}],"replies":[{"embeddable":true,"href":"https:\/\/www.osatzen.com\/eu\/wp-json\/wp\/v2\/comments?post=6662"}],"version-history":[{"count":0,"href":"https:\/\/www.osatzen.com\/eu\/wp-json\/wp\/v2\/avada_portfolio\/6662\/revisions"}],"wp:attachment":[{"href":"https:\/\/www.osatzen.com\/eu\/wp-json\/wp\/v2\/media?parent=6662"}],"wp:term":[{"taxonomy":"portfolio_category","embeddable":true,"href":"https:\/\/www.osatzen.com\/eu\/wp-json\/wp\/v2\/portfolio_category?post=6662"},{"taxonomy":"portfolio_skills","embeddable":true,"href":"https:\/\/www.osatzen.com\/eu\/wp-json\/wp\/v2\/portfolio_skills?post=6662"},{"taxonomy":"portfolio_tags","embeddable":true,"href":"https:\/\/www.osatzen.com\/eu\/wp-json\/wp\/v2\/portfolio_tags?post=6662"}],"curies":[{"name":"wp","href":"https:\/\/api.w.org\/{rel}","templated":true}]}}

<p><strong>Ponentes:</strong> Naomi Hasson, enfermera, promotora del proyecto Getxo Zurekin y miembro de las comunidades compasivas de Euskadi. Gizane Martinez Rodriguez, Médica de familia y comunitaria en el centro de salud de Bidezabal (Algorta). Miembro del Comité de ética asistencial de atención primaria de Bizkaia (CEAAPB). Miembro del grupo de trabajo de dolor de fibromialgia, migraña y dolor crónico y del grupo de trabajo de inequidades de Osatzen. Participa en el proyecto Getxo Zurekin. Montse Perez Garcia, médica actualmente realiza su labor clínico-asistencial en la OSI Bidasoa, en el servicio de Hospitalización a domicilio. Es miembro de la Junta Directiva de Paliativos Sin Fronteras, promotora de Bidasoa Zurekin, Comarca Compasiva y facilitadora del Death Café de Irún.</p>
<p><strong>Objetivo:</strong>Dar a conocer y sensibilizar sobre las comunidades compasivas desde las diferentes experiencias y perspectivas de colaboradoras. El impacto positivo del proyecto desde y para la comunidad.</p>
<p><strong>Resumen:</strong> Contextualizaremos las comunidades compasivas detallando de donde nace el proyecto, desde qué necesidades surgen y cómo ha sido el proceso en Euskadi. Continuaremos con la experiencia desde dentro del proyecto con una perspectiva de atención primaria y nuestras consultas: como y en qué casos se puede prescribir, qué resultados y experiencias tienen los pacientes. Por último acabaremos con la experiencia desde Bidasoa.</p>
<p><strong>Idioma:</strong> Castellano</p>
<p><div class="video-shortcode"><iframe title="Comunidades Compasivas" width="1170" height="658" src="https://www.youtube.com/embed/w3lzg7sc6zU?feature=oembed" frameborder="0" allow="accelerometer; autoplay; clipboard-write; encrypted-media; gyroscope; picture-in-picture" allowfullscreen></iframe></div></p>

<p>Ponentes: Naomi Hasson, enfermera, promotora del proyecto Getxo Zurekin y miembro de las comunidades compasivas de Euskadi. Gizane Martinez Rodriguez, Médica de familia y comunitaria en el centro de salud de Bidezabal (Algorta). Miembro del  [&#8230;]</p>

<!-- This site is optimized with the Yoast SEO Premium plugin v25.3 (Yoast SEO v25.3) - https://yoast.com/wordpress/plugins/seo/ -->
<title>Comunidades Compasivas (Jornadas Osatzen Jardunaldiak 2021) - Osatzen</title>
<meta name="robots" content="index, follow, max-snippet:-1, max-image-preview:large, max-video-preview:-1" />
<link rel="canonical" href="https://www.osatzen.com/eu/blogs/documentos-enlaces/comunidades-compasivas-jornadas-osatzen-jardunaldiak-2021/" />
<meta property="og:locale" content="eu_ES" />
<meta property="og:type" content="article" />
<meta property="og:title" content="Comunidades Compasivas (Jornadas Osatzen Jardunaldiak 2021)" />
<meta property="og:description" content="Ponentes: Naomi Hasson, enfermera, promotora del proyecto Getxo Zurekin y miembro de las comunidades compasivas de Euskadi. Gizane Martinez Rodriguez, Médica de familia y comunitaria en el centro de salud de Bidezabal (Algorta). Miembro del [...]" />
<meta property="og:url" content="https://www.osatzen.com/eu/blogs/documentos-enlaces/comunidades-compasivas-jornadas-osatzen-jardunaldiak-2021/" />
<meta property="og:site_name" content="Osatzen" />
<meta property="article:publisher" content="https://www.facebook.com/Osatzen" />
<meta name="twitter:card" content="summary_large_image" />
<meta name="twitter:site" content="@osatzen" />
<meta name="twitter:label1" content="Est. reading time" />
	<meta name="twitter:data1" content="1 minute" />
<script type="application/ld+json" class="yoast-schema-graph">{"@context":"https://schema.org","@graph":[{"@type":"WebPage","@id":"https://www.osatzen.com/eu/blogs/documentos-enlaces/comunidades-compasivas-jornadas-osatzen-jardunaldiak-2021/","url":"https://www.osatzen.com/eu/blogs/documentos-enlaces/comunidades-compasivas-jornadas-osatzen-jardunaldiak-2021/","name":"Comunidades Compasivas (Jornadas Osatzen Jardunaldiak 2021) - Osatzen","isPartOf":{"@id":"https://www.osatzen.com/eu/#website"},"datePublished":"2021-06-18T13:18:33+00:00","breadcrumb":{"@id":"https://www.osatzen.com/eu/blogs/documentos-enlaces/comunidades-compasivas-jornadas-osatzen-jardunaldiak-2021/#breadcrumb"},"inLanguage":"eu-ES","potentialAction":[{"@type":"ReadAction","target":["https://www.osatzen.com/eu/blogs/documentos-enlaces/comunidades-compasivas-jornadas-osatzen-jardunaldiak-2021/"]}]},{"@type":"BreadcrumbList","@id":"https://www.osatzen.com/eu/blogs/documentos-enlaces/comunidades-compasivas-jornadas-osatzen-jardunaldiak-2021/#breadcrumb","itemListElement":[{"@type":"ListItem","position":1,"name":"Home","item":"https://www.osatzen.com/eu/"},{"@type":"ListItem","position":2,"name":"Portfolio","item":"https://www.osatzen.com/eu/blogs/documentos-enlaces/"},{"@type":"ListItem","position":3,"name":"Comunidades Compasivas (Jornadas Osatzen Jardunaldiak 2021)"}]},{"@type":"WebSite","@id":"https://www.osatzen.com/eu/#website","url":"https://www.osatzen.com/eu/","name":"Osatzen","description":"Sociedad Vasca de Medicina de Familia y Comunitaria","publisher":{"@id":"https://www.osatzen.com/eu/#organization"},"potentialAction":[{"@type":"SearchAction","target":{"@type":"EntryPoint","urlTemplate":"https://www.osatzen.com/eu/?s={search_term_string}"},"query-input":{"@type":"PropertyValueSpecification","valueRequired":true,"valueName":"search_term_string"}}],"inLanguage":"eu-ES"},{"@type":"Organization","@id":"https://www.osatzen.com/eu/#organization","name":"Osatzen","url":"https://www.osatzen.com/eu/","logo":{"@type":"ImageObject","inLanguage":"eu-ES","@id":"https://www.osatzen.com/eu/#/schema/logo/image/","url":"https://www.osatzen.com/wp-content/uploads/2021/02/signo-distintivo-osatzen-2020-web-retina-396x120-1.png","contentUrl":"https://www.osatzen.com/wp-content/uploads/2021/02/signo-distintivo-osatzen-2020-web-retina-396x120-1.png","width":396,"height":120,"caption":"Osatzen"},"image":{"@id":"https://www.osatzen.com/eu/#/schema/logo/image/"},"sameAs":["https://www.facebook.com/Osatzen","https://x.com/osatzen"]}]}</script>
<!-- / Yoast SEO Premium plugin. -->

Ponentes: Naomi Hasson, enfermera, promotora del proyecto Getxo Zurekin y miembro de las comunidades compasivas de Euskadi. Gizane Martinez Rodriguez, Médica de familia y comunitaria en el centro de salud de Bidezabal (Algorta). Miembro del [...]
